highest common divisor of m and 9.
3
Suppose 4*u = 17 + 7. Suppose -4*z = -5*p - 111 + 35, -4*z = 5*p - 116. What is the highest common factor of u and z?
6
Let d be (-4)/(5 - (0 + 142/28)). What is the greatest common factor of 42 and d?
14
Suppose 39*q - 911 = -14. What is the highest common divisor of q and 115?
23
Suppose -5*c + 10 = -0. Let a = 1 - 1. Suppose a = -3*f + 5*f - 36. What is the greatest common divisor of f and c?
2
Let z = -444 - -527. What is the greatest common divisor of 1 and z?
1
Let c(i) = i + 6. Let s be c(0). Let g = 7 + -6. Let y be 162/45*(g + 4). Calculate the highest common divisor of s and y.
6
Suppose -809*b + 802*b = -420. What is the greatest common factor of b and 600?
60
Suppose 2*d = 4*d - 10. Suppose -d*q + 95 = -0*q - 5*n, -3*n + 38 = 2*q. Calculate the highest common divisor of q and 152.
19
Let m be -146*(1 - (-7 + 9)). Calculate the greatest common factor of 1679 and m.
73
Let v be 24 + ((-38)/(-9) - (-54)/(-243)). What is the highest common divisor of v and 40?
4
Let d be (-18)/24 + (-30)/(-8)*1. Suppose 0*h - d*h = 5*r - 146, -4*h = -8. What is the greatest common divisor of r and 14?
14
Let i(o) = -36*o + 5. Let h(u) = -73*u + 9. Let g(f) = -2*h(f) + 5*i(f). Let x be g(3). Let r = x + 150. What is the highest common factor of 5 and r?
5
Let q be (12/(-9))/(4/12). Let l be (24/(-3))/q - 8. Let j be (1 - (-8)/(-3))*l. Calculate the highest common divisor of j and 10.
10
Let c(k) = k - 13. Let g be c(0). Let r(z) = z**3 + 14*z**2 + 5*z - 29. Let a be r(g). What is the greatest common divisor of 15 and a?
15
Suppose 6*i - 96 - 72 = 0. Calculate the highest common factor of 448 and i.
28
Let j be ((-1)/3)/(2/114). Let x = -16 - j. What is the highest common divisor of 2 and x?
1
Suppose 9 = -3*j, 0 = 4*p + 4*j - 27 - 25. Suppose -2580 = -37*t + 2748. What is the highest common divisor of p and t?
16
Suppose 2*n - 10 = 0, 0 = 4*q - 2*n - 447 - 83. Calculate the highest common factor of q and 6.
3
Suppose 0 = -6*w + 114 + 66. Let p be (4/8)/(2/24). Suppose g + 0*g - p = 0. Calculate the highest common factor of g and w.
6
Suppose 0 = -d - 8 + 55. Let u be -8*(-14 - -17)*d/(-3). Calculate the highest common factor of 47 and u.
47
Suppose 3*z = 5*p - 28 - 4, -2*p = z - 4. Let l be (3/4)/(p/16). Calculate the greatest common factor of 21 and l.
3
Let q(m) = 3*m**3 - 3*m**2 + 9*m + 2. Let f be q(2). Calculate the highest common factor of 112 and f.
16
Suppose 6*l - 15 - 9 = 0. Suppose -l*j - 28 = -8*j. What is the greatest common factor of 63 and j?
7
Suppose 0 = -3*y - y + 40. Let t(k) = -k**2 + 16*k + 1. Let v be t(11). Let c = 14 + v. What is the highest common factor of c and y?
10
Suppose -4*n + 197 + 147 = 0. Let p = -51 + n. What is the highest common factor of 7 and p?
7
Suppose 5*u - 3*u - 8 = 0. Let k be 85/20 - 1/u. Let r be (-11)/(-22) - (-106)/k. Calculate the greatest common divisor of 54 and r.
27
Suppose -o + 0*v - 3*v = -16, 0 = 3*o + v - 16. Suppose -o*k + 218 = -138. Let m = -38 + k. Calculate the highest common factor of m and 34.
17
Let h = -185 - -259. Let y = 152 - h. Calculate the highest common factor of 195 and y.
39
Suppose 0 = 7*q - 2*q - 4*d - 31, 0 = -4*q - 4*d - 4. Suppose q*r - 5*r + 8 = 0. What is the highest common divisor of 20 and r?
4
Let z = 230 + -226. Calculate the greatest common divisor of 124 and z.
4
Suppose -272*f + 237*f + 840 = 0. What is the greatest common factor of 8 and f?
8
Suppose 32*v - 123 = 5. What is the greatest common divisor of 54 and v?
2
Let r = -344 - -413. Calculate the highest common factor of r and 3.
3
Let u be (1 - 1 - 2) + -9 + 45. Suppose 0 = u*z - 33*z - 348. Calculate the greatest common factor of z and 29.
29
Suppose 23*t - 47 = 459. Calculate the highest common divisor of 143 and t.
11
Suppose -3*b - 2*b + 20 = 0. Suppose -12 - 4 = -b*d. Suppose -65 = -4*l + 5*c - 2*c, 0 = -l - d*c + 40. Calculate the highest common factor of 30 and l.
10
Suppose 13*n - 11*n - 13 = 3*h, -2*h = -5*n + 27. What is the highest common divisor of n and 985?
5
Let d = 214 + -196. Calculate the highest common factor of 30 and d.
6
Suppose -7*f + 1912 = -342. What is the greatest common divisor of 28 and f?
14
Suppose 54 - 222 = -7*o. Calculate the greatest common divisor of 12 and o.
12
Suppose 34*p - 18*p - 384 = 0. What is the greatest common factor of 6 and p?
6
Let b be 401 + -4*(-2)/24*-15. Calculate the highest common factor of b and 36.
36
Suppose -3*l + 316 = -4*c, -4*l + 161 + 302 = 3*c. What is the highest common divisor of l and 28?
28
Let o(s) = -5*s + 20. Let m be o(-6). Let a = m + -42. Suppose -4*z - 25 + 185 = 0. Calculate the highest common divisor of a and z.
8
Let v be ((-46)/(-10))/((-62)/(-10) + -6). Calculate the greatest common factor of v and 69.
23
Suppose 4*d + 194 = 2*t, 2*t - 9*d - 182 = -11*d. What is the greatest common divisor of t and 403?
31
Suppose x + 63*u = 60*u + 25, 0 = -4*x - 2*u + 110. What is the greatest common divisor of x and 28?
28
Let z be (-2)/11 - (-2466)/33*3. Calculate the greatest common divisor of z and 28.
28
Let n(o) = o - 7*o**2 - o**3 - 13*o - 4*o**2 - 8. Let w be n(-10). Let k(h) = h**3 + 4. Let p be k(0). Calculate the highest common factor of p and w.
4
Let x be -4*(-1)/2*12. What is the highest common divisor of 9 and x?
3
Suppose 7 = -2*s - 3. Let z be (-1 - 2)*s/3. Suppose -z*t + 2*t - 4*p = -168, 40 = t - 4*p. Calculate the greatest common factor of 13 and t.
13
Suppose -6*r = -208 + 28. What is the highest common divisor of r and 105?
15
Let n be 7/(-14) + (-69)/2. Let h = n + 49. What is the highest common factor of h and 14?
14
Suppose -80 = -3*u + v + 4*v, 130 = 4*u - 2*v. Let a(r) = -2*r**3 - 89*r**2 - 50*r - 89. Let p be a(-44). What is the highest common factor of u and p?
35
Let q(u) = -14*u + 448. Let d be q(23). What is the highest common divisor of d and 288?
18
Let z(y) = -17 - 26*y + 14*y + 14*y. Let s be z(12). What is the highest common factor of s and 14?
7
Let h(v) = v**3 + 10*v**2 + 15*v + 7. Let i be h(-8). Let q be 3/(-12) + 26/8. Suppose 2*o + q*o - 15 = 0. Calculate the highest common divisor of o and i.
3
Let z(x) = -122*x + 2. Let s be z(-1). Suppose 2*c - w = -3*c + s, -3*w = -3*c + 84. Calculate the highest common divisor of 120 and c.
24
Suppose 4*i + 2*s + 2*s = 344, 4*i - 356 = -s. What is the greatest common divisor of i and 9?
9
Suppose -4*x + 4*b = -116, -130 = -5*x + 2*b - 0*b. Suppose 13 - 301 = -4*n. Calculate the greatest common factor of x and n.
24
Let x = 56 + -51. Suppose x*w - 19 - 26 = 0. Suppose m = 4*j + 79, j = -4*m + 287 - 39. What is the greatest common factor of m and w?
9
Let y = 257 + -255. Calculate the greatest common divisor of y and 86.
2
Suppose 5*s = 632 - 212. Suppose -d = -5*n + 136, -5*d - 5 - 31 = -2*n. What is the greatest common divisor of s and n?
28
Suppose -3*j = -9398 + 9164. Calculate the highest common divisor of j and 2886.
78
Let v be (-130)/(-6) - (-4)/12. Suppose -3*t = 5*n - 110, -3*t + 0 = -n + v. Calculate the greatest common factor of n and 198.
22
Let i = 3 + 1. Suppose -i*f = -123 - 33. Suppose 42 = 4*h - 0*w - 2*w, -3*h + 3*w = -f. What is the highest common factor of 32 and h?
8
Suppose -14 = -10*d + 6. Suppose 0 = -r - 4*r - 5*w - 15, -3*r + d*w = -16. Calculate the highest common factor of r and 5.
1
Let i be (0*(2 - (-21)/(-9)))/2. Let z(g) = -g**2 - 2*g + 8. Let a be z(i). What is the greatest common factor of a and 20?
4
Let g be -5*6/(-120) + 45/12. Calculate the greatest common divisor of g and 68.
4
Let j = 507 - 497. Suppose -m - m + 2*s = -130, 4*m - s = 275. Let n = m - j. What is the highest common divisor of 15 and n?
15
Suppose -5*w = 3*u - 2*u - 20, -4*u + 34 = -3*w. Let s = -5 + 10. What is the greatest common divisor of u and s?
5
Let c be 876/9 + -6 - 4/(-6). Calculate the highest common divisor of c and 138.
46
Let m be (26 - -4) + -3 + 1. Let i = -15 + m. Calculate the greatest common divisor of i and 65.
13
Let w be (-5 - (3 + -3)) + 4. Let g be ((0/w)/(-1))/(-3). Suppose -3*m + 5*z + 47 = m, -3*m - 4*z + 43 = g. Calculate the greatest common factor of 104 and m.
13
Suppose -3*w + 12*w - 342 = 0. What is the highest common factor of w and 57?
19
Suppose 3*t = 4*t + 27. Let q be 74/9 + 6/t. What